
Suppose 6*r - 6788 = 2*r. Suppose 0 = 3*w - 802 - r. Suppose 272 = 5*z - w. Is z composite?
True
Is (0 - -41555)*(-7 + 720/100) a prime number?
True
Let v be 1/(-1) - 5 - -2. Let y = v + 5. Is 1 + y - (0 + -197) prime?
True
Suppose -37*y + 6062 = -35*y. Is y composite?
True
Let d(o) = -11*o + 14. Let g be d(11). Let f = g + 520. Is f + 5 + 16/4 a prime number?
False
Suppose -20*h + 15*h - 3935 = 0. Let d = h - -1230. Is d composite?
False
Let l = 318 - 123. Suppose 3*j - 5*q - 209 = l, 3*q = -5*j + 730. Is j composite?
True
Let z(u) = -u**3 - 17*u**2 + 12*u - 253. Is z(-24) a composite number?
False
Suppose 66*p - 20700 = 61*p. Suppose -342 = -2*f - 5*w + 2415, -3*f + p = 3*w. Is f prime?
True
Let t(w) = 26*w**2 - 3*w - 11. Suppose -4*s + 2*p - 26 = 0, -2*s + 4*p = -s + 10. Is t(s) a prime number?
False
Suppose -f + 3*h + 5210 = 0, -f = 4*f + 3*h - 25960. Is f a prime number?
False
Let a(w) = -2*w**2 - 9*w + 212. Let h(s) = -s**2 - 5*s + 106. Let x(y) = 4*a(y) - 7*h(y). Is x(0) composite?
True
Let g be 2/(-6) + 3/9. Let u(i) = 2*i**2 - 10*i - 7. Let p be u(6). Suppose g*k + 670 = p*k. Is k a prime number?
False
Suppose 3*s - 6666 = 4617. Is s a prime number?
True
Let q = -30498 - -95295. Is q prime?
False
Let q be 28/(-3 + 0 + 5). Is (0 + (106 - 3))*q/2 a prime number?
False
Let i(c) be the third derivative of 21*c**5/10 + 13*c**4/24 + 3*c**3/2 + 10*c**2. Is i(-4) prime?
True
Suppose -6*w + 46373 = 3467. Is w composite?
False
Suppose -6*t + 84 = t. Suppose -2*i - t = -394. Is i composite?
False
Let q be (28/(-10))/(4/300). Let x be -2 + (0 - -3) - q. Let t = -114 + x. Is t a composite number?
False
Suppose -5*h = -3*w + 16, 3*w - 3 - 5 = h. Suppose w*k + k + 18 = 5*l, 2*l + k = 5. Suppose l*g - 631 = 2*g. Is g a composite number?
False
Let f(r) = -r**2 - 5*r - 1. Let u be f(-4). Suppose 0 = -5*n - 20, 312 = u*p - 3*n - 237. Is p a prime number?
True
Let z(g) = -2*g - 15. Let i be z(-10). Suppose i*p - 358 = 257. Is p a prime number?
False
Let i = 2047 + 2790. Is i composite?
True
Let u(q) = q - 2. Let l be u(4). Suppose -23*v + 16715 = -3916. Suppose 5*h - v + l = 0. Is h a prime number?
True
Let y(x) = 4*x**3 + x**2 + 2*x + 1. Let u be y(-1). Let s be 4/(6 + u) - 4. Is s/8 - 15603/(-28) composite?
False
Let k = 2 - -1089. Is k a composite number?
False
Let o = -37 - -37. Suppose 0 = -r - o*r + 299. Is r composite?
True
Let k(d) = -10*d + 7. Let q be k(-12). Let y = q + 351. Is y a composite number?
True
Let s be 8/(-36) + (-2)/(-9). Suppose 5*l - 11 = 2*c, s = -2*c - 0*l + l + 1. Suppose 2*u - 5*f - 103 = -0*f, c*u - 4*f - 98 = 0. Is u prime?
False
Let t(f) = f**2 - 10*f. Let k be t(10). Is -3 + (-1143)/(-3) - (k + -1) composite?
False
Let w(j) = -j**3 - 13*j**2 + 3*j + 27. Let a be w(-13). Is (10/3)/(a/(-522)) prime?
False
Let k(l) = -765*l - 408*l - 7 - 82*l. Is k(-2) composite?
False
Suppose -12 = -3*k + 2*i, -2*k + 30 - 11 = -5*i. Suppose -7*s = -k*s + 4710. Is (-2)/5 + s/(-30) a prime number?
True
Let q = -1993 - -2904. Is q composite?
False
Let d(t) = 4*t**2 + t + 1. Let i be d(-1). Suppose -i*g = 2*l - 4554, -3*g + 2*l + 3403 = 6*l. Is g composite?
True
Suppose 176 = -4*n + 2*n. Let r = 53 + n. Let m = 54 + r. Is m composite?
False
Suppose 0*j - 3*j = 7173. Let y = 1807 - j. Suppose 5*d + 5*x - 4190 = 0, 0*d + 5*d = 3*x + y. Is d a prime number?
True
Suppose -25 = 2*c - 7. Let x be (-1)/c - (-6479)/9. Let m = x - 349. Is m composite?
True
Let r = -39088 + 27151. Is r/(-46)*4/2 a prime number?
False
Let l(r) = 3*r**2 + 12*r - 3. Let x(b) = 4*b**2 + 12*b - 2. Let f(c) = 5*l(c) - 4*x(c). Let u be f(6). Is -3 + 4/2*u composite?
True
Suppose 4*t + v + 7 = 0, 10 = t + 4*v - 7. Let b = -844 + 583. Is b/(-12) - t/12 composite?
True
Suppose 4*t - 4*i + 12 = 0, 0 = -5*t - 4*i - 2 + 32. Suppose -2*x + n + 20 = 0, -5*x = t*n - 43 + 11. Suppose -x*m + 4*m = -664. Is m a prime number?
False
Let t(p) = 107*p**3 + p**2 - 2*p - 1. Let i be t(3). Suppose -3*b = -10*b + i. Is b composite?
True
Let o = -43 + 189. Is o a composite number?
True
Let t = 6 + -3. Suppose 3*q + a = 271, -t*q + 2*a + 72 = -187. Let z = q + -54. Is z a composite number?
True
Suppose 10*r - 336470 = 11460. Is r a prime number?
False
Let n = 47 + -23. Let c = -5 + n. Is c a prime number?
True
Let c = -2595 - -814. Let z = 2944 + c. Let j = z + -756. Is j a prime number?
False
Let u = 24 + -16. Suppose -13*d = -u*d - 1015. Is d prime?
False
Let y be (-140)/21 + (-4)/(-6). Let t be (-54)/7 - y/(-21). Let w(z) = z**2 + z + 3. Is w(t) prime?
True
Suppose 5*f + 216 = 31. Let a = f - -43. Is a a prime number?
False
Let n = 3 - 23. Let z = -9 - n. Is z a prime number?
True
Suppose -10*c = -18 - 2. Suppose -m + 5*t + 36 = 0, -c*m + t + 46 = 4*t. Is m a prime number?
False
Suppose 2*i - 7 + 1 = 0. Let r = 5 - i. Let h = 37 + r. Is h a prime number?
False
Let u be 778/1*1*(-1)/(-2). Suppose u + 2265 = 2*b. Is b prime?
True
Suppose -3*w - 2*j = 376, 4*j = -5*w - 0*j - 630. Let n = -43 - w. Is n a composite number?
False
Suppose 0 = 2*x + 1495 - 12033. Is x composite?
True
Suppose -5*o = -14126 - 7999. Let p = o + -3028. Is p a composite number?
True
Is (74/(-15))/((-2)/1101)*5 a prime number?
False
Suppose -4*o - 101 = -x - o, 5*o - 353 = -4*x. Let w(g) = 82*g - 3. Let u be w(2). Let i = u - x. Is i a composite number?
True
Let n = 98959 - 58740. Is n composite?
True
Let i(l) = -42*l**2 + 2*l - 5. Let j(d) = -43*d**2 + 2*d - 4. Let p(b) = 4*i(b) - 3*j(b). Let k be p(7). Is ((-2)/(-3))/((-10)/k) composite?
False
Let t be (144/64)/(2/(-96)*-2). Suppose 2*r - 85 = 7*r. Let p = t + r. Is p prime?
True
Suppose -3*b - 2*b = -50. Let d(j) = -j**3 + 9*j**2 + 15*j - 6. Let x be d(b). Suppose 3*m - 146 = -x. Is m a prime number?
False
Suppose 5*x = 4*g - 3, g - 3*g = x - 5. Let j be 1/2 + 1703/g. Suppose 0*d - j = -4*d. Is d prime?
False
Let h(o) = -o**2 - 8*o - 2. Let q be h(-3). Let p = -13 + q. Suppose -2*l = 3*y - p*y - 165, 0 = 2*y + 3*l - 115. Is y composite?
False
Suppose 5*t - 1624 = 821. Let d be (12/18)/(1/t). Let k = d - -143. Is k a composite number?
True
Suppose 3*b + 10 = 5*b. Suppose -2*j - l + 2 = -0*l, 0 = -j + b*l + 23. Is (j + -5 - -4) + 117 a prime number?
False
Let w be (-24)/16 - (-2331)/6. Suppose -4*l + w = -121. Is l prime?
True
Let p(s) = -3*s**2 + 10. Let h be p(3). Let c(u) = u**3 + 17*u**2 - 15*u + 14. Is c(h) prime?
True
Suppose 5*k + 7 - 6 = r, 0 = -r + 1. Suppose k = -0*l + 10*l - 18470. Is l composite?
False
Let j be (-3 - -1)/1 + 675. Suppose -f + j = -114. Is f a composite number?
False
Let u = -9315 + 24388. Is u composite?
False
Let a be ((-2)/(-4))/(6/(-12)). Let j(q) = -132*q**3 - 2*q**2 - 2*q - 1. Let p be j(a). Let n = -66 + p. Is n prime?
False
Suppose 4*l - 52173 = 5*t, 5*l + 4*t - 25636 = 39611. Is l a composite number?
True
Let l be (-10)/(-1)*1225/10. Let g = l + -728. Is g composite?
True
Suppose -3*q - 4*w = -80, -2*q = -q + 2*w - 28. Let s = -21 + q. Suppose 0 = 6*a - 2*a + 5*c - 268, 0 = s*c - 12. Is a a prime number?
False
Let j = -362 + 207. Let k = 59 - j. Suppose 5*h + 103 = p, k = -4*p + 4*h + 594. Is p a composite number?
True
Let z(a) = -30*a + 119. Is z(-10) prime?
True
Let m = 36858 + 11233. Is m a prime number?
True
Let o(c) = 7*c - 6. Let j be o(4). Suppose -7 = 5*w - j. Is (3 + -2 - w) + 117 a prime number?
False
Let d = 59 - 55. Suppose 5*l = d*l + 4045. Is l prime?
False
Suppose 2*x + 3*x = 35. Suppose 11*n = x*n + 1096. Is n a composite number?
True
Let h be -1*(-3 - (-1 + -2)). Suppose h*a - 1948 = -4*a. Is a a prime number?
True
Let r = 366 - 770. Let j = r + 595. Is j a prime number?
True
Suppose 5*n + 1 = 21. Suppose 4*s = 2*z + 2*s - 278, n*z + 3*s - 542 = 0. Let f = 50 + z. Is f a prime number?
False
Suppose 2*n - 5*s + 0 - 5 = 0, 2*s = 4*n - 18. Suppose a - 2*a = -4*d + 207, 5*a - 290 = -n*d. Is d a prime number?
True
Let b = 191674 + 7045. Is b composite?
False
Let n(d) = -d + 2. Let a be n(-1). Suppose f = -3*k + 158, 0*k + 5*f - 154 = -a*k. Is k composite?
False
Suppose 29*r - 7892 = 25*r. Is r prime?
True
Suppose -5*o + 4*t + 540325 = 0, -3*o + 5*t + 324173 = 7*t. Is o a prime number?
True
Suppose -5 - 7 = 4*t, 5*z - 3*t = 24. Let n be (-2 - 0/z) + 319. Suppose -2*h = -2*w - 3*w + n, -3*w = 2*h - 203. Is w a composite num